hat is the hundreds digit of 8474?
4
What is the units digit of 493?
3
What is the units digit of 8514?
4
What is the thousands digit of 9716?
9
What is the thousands digit of 2933?
2
What is the hundreds digit of 9506?
5
What is the tens digit of 1353?
5
What is the tens digit of 3790?
9
What is the units digit of 196?
6
What is the thousands digit of 1022?
1
What is the hundreds digit of 36690?
6
What is the units digit of 43170?
0
What is the thousands digit of 59706?
9
What is the units digit of 159640?
0
What is the tens digit of 16584?
8
What is the tens digit of 78225?
2
What is the thousands digit of 12290?
2
What is the units digit of 293?
3
What is the thousands digit of 7815?
7
What is the tens digit of 745?
4
What is the hundreds digit of 7226?
2
What is the hundreds digit of 66063?
0
What is the units digit of 4813?
3
What is the units digit of 165482?
2
What is the hundreds digit of 149?
1
What is the units digit of 102544?
4
What is the tens digit of 70582?
8
What is the tens digit of 11628?
2
What is the tens digit of 38140?
4
What is the tens digit of 13569?
6
What is the hundreds digit of 817?
8
What is the tens digit of 359?
5
What is the units digit of 33819?
9
What is the units digit of 5683?
3
What is the thousands digit of 6150?
6
What is the thousands digit of 1474?
1
What is the thousands digit of 25972?
5
What is the hundreds digit of 27840?
8
What is the hundreds digit of 678?
6
What is the units digit of 1160?
0
What is the units digit of 578?
8
What is the hundreds digit of 604?
6
What is the thousands digit of 57957?
7
What is the hundreds digit of 20406?
4
What is the tens digit of 769?
6
What is the ten thousands digit of 33111?
3
What is the thousands digit of 4173?
4
What is the units digit of 1175?
5
What is the hundreds digit of 16127?
1
What is the units digit of 1413?
3
What is the tens digit of 5011?
1
What is the hundreds digit of 741?
7
What is the thousands digit of 5427?
5
What is the ten thousands digit of 58399?
5
What is the units digit of 57415?
5
What is the hundreds digit of 2045?
0
What is the tens digit of 9178?
7
What is the hundreds digit of 11779?
7
What is the units digit of 454?
4
What is the units digit of 3886?
6
What is the tens digit of 30695?
9
What is the units digit of 38619?
9
What is the hundreds digit of 2425?
4
What is the units digit of 14676?
6
What is the units digit of 41597?
7
What is the hundreds digit of 6333?
3
What is the tens digit of 15397?
9
What is the hundreds digit of 4880?
8
What is the tens digit of 1176?
7
What is the thousands digit of 2276?
2
What is the tens digit of 14548?
4
What is the units digit of 158?
8
What is the thousands digit of 1650?
1
What is the hundreds digit of 1171?
1
What is the units digit of 1334?
4
What is the tens digit of 92964?
6
What is the hundreds digit of 1129?
1
What is the tens digit of 86487?
8
What is the hundreds digit of 23567?
5
What is the tens digit of 50098?
9
What is the hundreds digit of 1564?
5
What is the ten thousands digit of 161362?
6
What is the tens digit of 427?
2
What is the hundreds digit of 1383?
3
What is the hundreds digit of 7038?
0
What is the hundreds digit of 749?
7
What is the hundreds digit of 17245?
2
What is the units digit of 6267?
7
What is the thousands digit of 87436?
7
What is the units digit of 5815?
5
What is the tens digit of 24375?
7
What is the tens digit of 20?
2
What is the units digit of 1257?
7
What is the units digit of 9790?
0
What is the thousands digit of 17183?
7
What is the units digit of 5551?
1
What is the tens digit of 2534?
3
What is the tens digit of 5180?
8
What is the units digit of 109?
9
What is the thousands digit of 39915?
9
What is the thousands digit of 3008?
3
What is the hundreds digit of 729?
7
What is the tens digit of 384?
8
What is the units digit of 1980?
0
What is the units digit of 9024?
4
What is the hundreds digit of 4337?
3
What is the hundreds digit of 117?
1
What is the hundreds digit of 2417?
4
What is the units digit of 285?
5
What is the tens digit of 3999?
9
What is the hundreds digit of 9184?
1
What is the tens digit of 739?
3
What is the tens digit of 421?
2
What is the hundreds digit of 1233?
2
What is the tens digit of 1411?
1
What is the tens digit of 30581?
8
What is the thousands digit of 9634?
9
What is the tens digit of 711?
1
What is the thousands digit of 51736?
1
What is the hundreds digit of 6201?
2
What is the tens digit of 970?
7
What is the hundreds digit of 1826?
8
What is the tens digit of 4019?
1
What is the thousands digit of 1581?
1
What is the units digit of 30?
0
What is the hundreds digit of 1192?
1
What is the tens digit of 189?
8
What is the tens digit of 8193?
9
What is the tens digit of 13129?
2
What is the tens digit of 4081?
8
What is the tens digit of 1045?
4
What is the tens digit of 1382?
8
What is the thousands digit of 1335?
1
What is the units digit of 8637?
7
What is the ten thousands digit of 10217?
1
What is the ten thousands digit of 13225?
1
What is the ten thousands digit of 110394?
1
What is the tens digit of 22061?
6
What is the hundreds digit of 40464?
4
What is the tens digit of 4859?
5
What is the hundreds digit of 999?
9
What is the units digit of 304?
4
What is the thousands digit of 3861?
3
What is the hundreds digit of 50954?
9
What is the thousands digit of 97300?
7
What is the tens digit of 915?
1
What is the thousands digit of 2689?
2
What is the units digit of 413?
3
What is the hundred thousands digit of 127205?
1
What is the units digit of 68256?
6
What is the tens digit of 4431?
3
What is the ten thousands digit of 61342?
6
What is the tens digit of 111228?
2
What is the units digit of 11416?
6
What is the tens digit of 852?
5
What is the units digit of 25634?
4
What is the thousands digit of 5930?
5
What is the units digit of 6882?
2
What is the hundreds digit of 4085?
0
What is the ten thousands digit of 12397?
1
What is the hundreds digit of 3410?
4
What is the hundreds digit of 1779?
7
What is the hundreds digit of 173?
1
What is the ten thousands digit of 17108?
1
What is the units digit of 21460?
0
What is the tens digit of 2155?
5
What is the tens digit of 84?
8
What is the hundreds digit of 20430?
4
What is the units digit of 22491?
1
What is the units digit of 840?
0
What is the tens digit of 1252?
5
What is the thousands digit of 47638?
7
What is the thousands digit of 4660?
4
What is the units digit of 4?
4
What is the units digit of 53?
3
What is the thousands digit of 21594?
1
What is the tens digit of 22647?
4
What is the thousands digit of 2954?
2
What is the units digit of 118737?
7
What is the thousands digit of 40240?
0
What is the hundreds digit of 3222?
2
What is the units digit of 91321?
1
What is the thousands digit of 5112?
5
What is the thousands digit of 31770?
1
What is the units digit of 72?
2
What is the thousands digit of 12387?
2
What is the tens digit of 425?
2
What is the units digit of 5514?
4
What is the units digit of 26536?
6
What is the tens digit of 2617?
1
What is the hundreds digit of 884?
8
What is the tens digit of 66199?
9
What is the thousands digit of 71561?
1
What is the tens digit of 1691?
9
What is the units digit of 15277?
7
What is the hundreds digit of 224?
2
What is the units digit of 584?
4
What is the units digit of 1504?
4
What is the tens digit of 5224?
2
What is the ten thousands digit of 175574?
7
What is the thousands digit of 5206?
5
What is the hundreds digit of 995?
9
What is the tens digit of 816?
1
What is the ten thousands digit of 123138?
2
What is the tens digit of 979?
7
What is the hundreds digit of 37413?
4
What is the units digit of 53381?
1
What is the thousands digit of 20953?
0
What is the units digit of 2344?
4
What is the ten thousands digit of 18872?
1
What is the thousands digit of 8043?
8
What is the units digit of 10776?
6
What is the tens digit of 8699?
9
What is the tens digit of 3730?
3
What is the units digit of 4268?
8
What is the tens digit of 817?
1
What is the hundreds digit of 16223?
2
What is the thousands digit of 43113?
3
What is the hundreds digit of 47171?
1
What is the hundreds digit of 206?
2
What is the thousands digit of 4453?
4
What is the thousands digit of 8687?
8
What is the units digi